{"id":77,"date":"2022-07-10T10:14:51","date_gmt":"2022-07-10T08:14:51","guid":{"rendered":"https:\/\/www.deti-diakosice.sk\/?page_id=77"},"modified":"2026-01-25T21:57:03","modified_gmt":"2026-01-25T20:57:03","slug":"ako-sa-stat-clenom","status":"publish","type":"page","link":"https:\/\/www.deti-diakosice.sk\/?page_id=77","title":{"rendered":"AKO SA STA\u0164 \u010cLENOM"},"content":{"rendered":"\n<p class=\"has-vivid-cyan-blue-color has-text-color\">Na\u0161imi \u010dlenmi s\u00fa deti, ich s\u00farodenci a rodi\u010dia s diagn\u00f3zou Diabetes Melitus I. (DM1). \u010clenom sa m\u00f4\u017eete sta\u0165 po <em><strong><a href=\"https:\/\/docs.google.com\/forms\/d\/1dLrouWArt3xZD9c9dgsbTYyN1uDbt87VI9QZeEwAl0o\/edit?usp=sharing\" target=\"_blank\" rel=\"noreferrer noopener nofollow\">vyp\u00edsan\u00ed online prihl\u00e1\u0161ky<\/a> a uhraden\u00ed 15\u20ac<\/strong><\/em> ro\u010dn\u00e9ho (kalend\u00e1rneho) \u010dlensk\u00e9ho pr\u00edspevku, ktor\u00fd sa nekr\u00e1ti o nevyu\u017eit\u00e9 mesiace v kalend\u00e1rnom roku. \u010clensk\u00fd pr\u00edspevok sa uhr\u00e1dza do konca febru\u00e1ra v roku, pre ktor\u00fd m\u00e1 plati\u0165 \u010dlenstvo v na\u0161ej organiz\u00e1cii.<\/p>\n\n\n\n<p class=\"has-vivid-cyan-blue-color has-text-color\">Prihl\u00e1\u0161ka: <em><strong><a href=\"https:\/\/docs.google.com\/forms\/d\/1dLrouWArt3xZD9c9dgsbTYyN1uDbt87VI9QZeEwAl0o\/edit?usp=sharing\" target=\"_blank\" rel=\"noreferrer noopener nofollow\">vyp\u00edsa\u0165 online<\/a><\/strong><\/em><\/p>\n\n\n\n<p class=\"has-vivid-cyan-blue-color has-text-color\">\u010c\u00edslo \u00fa\u010dtu:<br>\u010ceskoslovensk\u00e1 obchodn\u00e1 banka, a.s.<br>SK36\u00a0<strong>7500<\/strong>\u00a00000 00<strong>40 2129 7649<\/strong><br>VS: 2026 (rok \u010dlenstva)<br>spr\u00e1va pre adres\u00e1ta: 2026 &#8222;MENO PRIEZVISKO \u010dlena&#8220;<\/p>\n\n\n\n<p><\/p>\n","protected":false},"excerpt":{"rendered":"<p>Na\u0161imi \u010dlenmi s\u00fa deti, ich s\u00farodenci a rodi\u010dia s diagn\u00f3zou Diabetes Melitus I. (DM1). \u010clenom sa m\u00f4\u017eete sta\u0165 po vyp\u00edsan\u00ed online prihl\u00e1\u0161ky a uhraden\u00ed 15\u20ac ro\u010dn\u00e9ho (kalend\u00e1rneho) \u010dlensk\u00e9ho pr\u00edspevku, ktor\u00fd sa nekr\u00e1ti o nevyu\u017eit\u00e9 mesiace v kalend\u00e1rnom roku. \u010clensk\u00fd pr\u00edspevok sa uhr\u00e1dza do konca febru\u00e1ra v roku, pre ktor\u00fd m\u00e1 plati\u0165 \u010dlenstvo v na\u0161ej organiz\u00e1cii. [&hellip;]<\/p>\n","protected":false},"author":2,"featured_media":0,"parent":0,"menu_order":0,"comment_status":"closed","ping_status":"closed","template":"","meta":{"_monsterinsights_skip_tracking":false,"_monsterinsights_sitenote_active":false,"_monsterinsights_sitenote_note":"","_monsterinsights_sitenote_category":0,"footnotes":""},"class_list":["post-77","page","type-page","status-publish","hentry"],"yoast_head":"<!-- This site is optimized with the Yoast SEO plugin v25.2 - https:\/\/yoast.com\/wordpress\/plugins\/seo\/ -->\n<title>AKO SA STA\u0164 \u010cLENOM - Zv\u00e4z diabetikov Slovenska - Z\u00e1kladn\u00e1 organiz\u00e1cia Ko\u0161ice - deti<\/title>\n<meta name=\"robots\" content=\"index, follow, max-snippet:-1, max-image-preview:large, max-video-preview:-1\" \/>\n<link rel=\"canonical\" href=\"https:\/\/www.deti-diakosice.sk\/?page_id=77\" \/>\n<meta property=\"og:locale\" content=\"sk_SK\" \/>\n<meta property=\"og:type\" content=\"article\" \/>\n<meta property=\"og:title\" content=\"AKO SA STA\u0164 \u010cLENOM - Zv\u00e4z diabetikov Slovenska - Z\u00e1kladn\u00e1 organiz\u00e1cia Ko\u0161ice - deti\" \/>\n<meta property=\"og:description\" content=\"Na\u0161imi \u010dlenmi s\u00fa deti, ich s\u00farodenci a rodi\u010dia s diagn\u00f3zou Diabetes Melitus I. (DM1). \u010clenom sa m\u00f4\u017eete sta\u0165 po vyp\u00edsan\u00ed online prihl\u00e1\u0161ky a uhraden\u00ed 15\u20ac ro\u010dn\u00e9ho (kalend\u00e1rneho) \u010dlensk\u00e9ho pr\u00edspevku, ktor\u00fd sa nekr\u00e1ti o nevyu\u017eit\u00e9 mesiace v kalend\u00e1rnom roku. \u010clensk\u00fd pr\u00edspevok sa uhr\u00e1dza do konca febru\u00e1ra v roku, pre ktor\u00fd m\u00e1 plati\u0165 \u010dlenstvo v na\u0161ej organiz\u00e1cii. [&hellip;]\" \/>\n<meta property=\"og:url\" content=\"https:\/\/www.deti-diakosice.sk\/?page_id=77\" \/>\n<meta property=\"og:site_name\" content=\"Zv\u00e4z diabetikov Slovenska - Z\u00e1kladn\u00e1 organiz\u00e1cia Ko\u0161ice - deti\" \/>\n<meta property=\"article:modified_time\" content=\"2026-01-25T20:57:03+00:00\" \/>\n<meta name=\"twitter:card\" content=\"summary_large_image\" \/>\n<meta name=\"twitter:label1\" content=\"Predpokladan\u00fd \u010das \u010d\u00edtania\" \/>\n\t<meta name=\"twitter:data1\" content=\"1 min\u00fata\" \/>\n<script type=\"application\/ld+json\" class=\"yoast-schema-graph\">{\"@context\":\"https:\/\/schema.org\",\"@graph\":[{\"@type\":\"WebPage\",\"@id\":\"https:\/\/www.deti-diakosice.sk\/?page_id=77\",\"url\":\"https:\/\/www.deti-diakosice.sk\/?page_id=77\",\"name\":\"AKO SA STA\u0164 \u010cLENOM - Zv\u00e4z diabetikov Slovenska - Z\u00e1kladn\u00e1 organiz\u00e1cia Ko\u0161ice - deti\",\"isPartOf\":{\"@id\":\"https:\/\/www.deti-diakosice.sk\/#website\"},\"datePublished\":\"2022-07-10T08:14:51+00:00\",\"dateModified\":\"2026-01-25T20:57:03+00:00\",\"breadcrumb\":{\"@id\":\"https:\/\/www.deti-diakosice.sk\/?page_id=77#breadcrumb\"},\"inLanguage\":\"sk-SK\",\"potentialAction\":[{\"@type\":\"ReadAction\",\"target\":[\"https:\/\/www.deti-diakosice.sk\/?page_id=77\"]}]},{\"@type\":\"BreadcrumbList\",\"@id\":\"https:\/\/www.deti-diakosice.sk\/?page_id=77#breadcrumb\",\"itemListElement\":[{\"@type\":\"ListItem\",\"position\":1,\"name\":\"Home\",\"item\":\"https:\/\/www.deti-diakosice.sk\/\"},{\"@type\":\"ListItem\",\"position\":2,\"name\":\"AKO SA STA\u0164 \u010cLENOM\"}]},{\"@type\":\"WebSite\",\"@id\":\"https:\/\/www.deti-diakosice.sk\/#website\",\"url\":\"https:\/\/www.deti-diakosice.sk\/\",\"name\":\"Zv\u00e4z diabetikov Slovenska - Z\u00e1kladn\u00e1 organiz\u00e1cia Ko\u0161ice - deti\",\"description\":\"Na\u0161e sladk\u00e9 deti :-)\",\"potentialAction\":[{\"@type\":\"SearchAction\",\"target\":{\"@type\":\"EntryPoint\",\"urlTemplate\":\"https:\/\/www.deti-diakosice.sk\/?s={search_term_string}\"},\"query-input\":{\"@type\":\"PropertyValueSpecification\",\"valueRequired\":true,\"valueName\":\"search_term_string\"}}],\"inLanguage\":\"sk-SK\"}]}<\/script>\n<!-- \/ Yoast SEO plugin. -->","yoast_head_json":{"title":"AKO SA STA\u0164 \u010cLENOM - Zv\u00e4z diabetikov Slovenska - Z\u00e1kladn\u00e1 organiz\u00e1cia Ko\u0161ice - deti","robots":{"index":"index","follow":"follow","max-snippet":"max-snippet:-1","max-image-preview":"max-image-preview:large","max-video-preview":"max-video-preview:-1"},"canonical":"https:\/\/www.deti-diakosice.sk\/?page_id=77","og_locale":"sk_SK","og_type":"article","og_title":"AKO SA STA\u0164 \u010cLENOM - Zv\u00e4z diabetikov Slovenska - Z\u00e1kladn\u00e1 organiz\u00e1cia Ko\u0161ice - deti","og_description":"Na\u0161imi \u010dlenmi s\u00fa deti, ich s\u00farodenci a rodi\u010dia s diagn\u00f3zou Diabetes Melitus I. (DM1). \u010clenom sa m\u00f4\u017eete sta\u0165 po vyp\u00edsan\u00ed online prihl\u00e1\u0161ky a uhraden\u00ed 15\u20ac ro\u010dn\u00e9ho (kalend\u00e1rneho) \u010dlensk\u00e9ho pr\u00edspevku, ktor\u00fd sa nekr\u00e1ti o nevyu\u017eit\u00e9 mesiace v kalend\u00e1rnom roku. \u010clensk\u00fd pr\u00edspevok sa uhr\u00e1dza do konca febru\u00e1ra v roku, pre ktor\u00fd m\u00e1 plati\u0165 \u010dlenstvo v na\u0161ej organiz\u00e1cii. [&hellip;]","og_url":"https:\/\/www.deti-diakosice.sk\/?page_id=77","og_site_name":"Zv\u00e4z diabetikov Slovenska - Z\u00e1kladn\u00e1 organiz\u00e1cia Ko\u0161ice - deti","article_modified_time":"2026-01-25T20:57:03+00:00","twitter_card":"summary_large_image","twitter_misc":{"Predpokladan\u00fd \u010das \u010d\u00edtania":"1 min\u00fata"},"schema":{"@context":"https:\/\/schema.org","@graph":[{"@type":"WebPage","@id":"https:\/\/www.deti-diakosice.sk\/?page_id=77","url":"https:\/\/www.deti-diakosice.sk\/?page_id=77","name":"AKO SA STA\u0164 \u010cLENOM - Zv\u00e4z diabetikov Slovenska - Z\u00e1kladn\u00e1 organiz\u00e1cia Ko\u0161ice - deti","isPartOf":{"@id":"https:\/\/www.deti-diakosice.sk\/#website"},"datePublished":"2022-07-10T08:14:51+00:00","dateModified":"2026-01-25T20:57:03+00:00","breadcrumb":{"@id":"https:\/\/www.deti-diakosice.sk\/?page_id=77#breadcrumb"},"inLanguage":"sk-SK","potentialAction":[{"@type":"ReadAction","target":["https:\/\/www.deti-diakosice.sk\/?page_id=77"]}]},{"@type":"BreadcrumbList","@id":"https:\/\/www.deti-diakosice.sk\/?page_id=77#breadcrumb","itemListElement":[{"@type":"ListItem","position":1,"name":"Home","item":"https:\/\/www.deti-diakosice.sk\/"},{"@type":"ListItem","position":2,"name":"AKO SA STA\u0164 \u010cLENOM"}]},{"@type":"WebSite","@id":"https:\/\/www.deti-diakosice.sk\/#website","url":"https:\/\/www.deti-diakosice.sk\/","name":"Zv\u00e4z diabetikov Slovenska - Z\u00e1kladn\u00e1 organiz\u00e1cia Ko\u0161ice - deti","description":"Na\u0161e sladk\u00e9 deti :-)","potentialAction":[{"@type":"SearchAction","target":{"@type":"EntryPoint","urlTemplate":"https:\/\/www.deti-diakosice.sk\/?s={search_term_string}"},"query-input":{"@type":"PropertyValueSpecification","valueRequired":true,"valueName":"search_term_string"}}],"inLanguage":"sk-SK"}]}},"_links":{"self":[{"href":"https:\/\/www.deti-diakosice.sk\/index.php?rest_route=\/wp\/v2\/pages\/77","targetHints":{"allow":["GET"]}}],"collection":[{"href":"https:\/\/www.deti-diakosice.sk\/index.php?rest_route=\/wp\/v2\/pages"}],"about":[{"href":"https:\/\/www.deti-diakosice.sk\/index.php?rest_route=\/wp\/v2\/types\/page"}],"author":[{"embeddable":true,"href":"https:\/\/www.deti-diakosice.sk\/index.php?rest_route=\/wp\/v2\/users\/2"}],"replies":[{"embeddable":true,"href":"https:\/\/www.deti-diakosice.sk\/index.php?rest_route=%2Fwp%2Fv2%2Fcomments&post=77"}],"version-history":[{"count":6,"href":"https:\/\/www.deti-diakosice.sk\/index.php?rest_route=\/wp\/v2\/pages\/77\/revisions"}],"predecessor-version":[{"id":326,"href":"https:\/\/www.deti-diakosice.sk\/index.php?rest_route=\/wp\/v2\/pages\/77\/revisions\/326"}],"wp:attachment":[{"href":"https:\/\/www.deti-diakosice.sk\/index.php?rest_route=%2Fwp%2Fv2%2Fmedia&parent=77"}],"curies":[{"name":"wp","href":"https:\/\/api.w.org\/{rel}","templated":true}]}}